{"version":"1.0","provider_name":"Monbailleur.fr - Emploi","provider_url":"https:\/\/www.monbailleur.fr\/offres-emploi","author_name":"Monbailleur.fr - Emploi","author_url":"https:\/\/www.monbailleur.fr\/offres-emploi","title":"Assistant services g\u00e9n\u00e9raux F\/H","type":"rich","width":600,"height":338,"html":"<blockquote class=\"wp-embedded-content\" data-secret=\"GtMYqQ9Zq5\"><a href=\"https:\/\/www.monbailleur.fr\/offres-emploi\/poste\/assistant-services-generaux-f-h\">Assistant services g\u00e9n\u00e9raux F\/H<\/a><\/blockquote><iframe sandbox=\"allow-scripts\" security=\"restricted\" src=\"https:\/\/www.monbailleur.fr\/offres-emploi\/poste\/assistant-services-generaux-f-h\/embed#?secret=GtMYqQ9Zq5\" width=\"600\" height=\"338\" title=\"\u00ab\u00a0Assistant services g\u00e9n\u00e9raux F\/H\u00a0\u00bb &#8212; Monbailleur.fr - Emploi\" data-secret=\"GtMYqQ9Zq5\" frameborder=\"0\" marginwidth=\"0\" marginheight=\"0\" scrolling=\"no\" class=\"wp-embedded-content\"><\/iframe><script>\n\/*! This file is auto-generated *\/\n!function(d,l){\"use strict\";l.querySelector&&d.addEventListener&&\"undefined\"!=typeof URL&&(d.wp=d.wp||{},d.wp.receiveEmbedMessage||(d.wp.receiveEmbedMessage=function(e){var t=e.data;if((t||t.secret||t.message||t.value)&&!\/[^a-zA-Z0-9]\/.test(t.secret)){for(var s,r,n,a=l.querySelectorAll('iframe[data-secret=\"'+t.secret+'\"]'),o=l.querySelectorAll('blockquote[data-secret=\"'+t.secret+'\"]'),c=new RegExp(\"^https?:$\",\"i\"),i=0;i<o.length;i++)o[i].style.display=\"none\";for(i=0;i<a.length;i++)s=a[i],e.source===s.contentWindow&&(s.removeAttribute(\"style\"),\"height\"===t.message?(1e3<(r=parseInt(t.value,10))?r=1e3:~~r<200&&(r=200),s.height=r):\"link\"===t.message&&(r=new URL(s.getAttribute(\"src\")),n=new URL(t.value),c.test(n.protocol))&&n.host===r.host&&l.activeElement===s&&(d.top.location.href=t.value))}},d.addEventListener(\"message\",d.wp.receiveEmbedMessage,!1),l.addEventListener(\"DOMContentLoaded\",function(){for(var e,t,s=l.querySelectorAll(\"iframe.wp-embedded-content\"),r=0;r<s.length;r++)(t=(e=s[r]).getAttribute(\"data-secret\"))||(t=Math.random().toString(36).substring(2,12),e.src+=\"#?secret=\"+t,e.setAttribute(\"data-secret\",t)),e.contentWindow.postMessage({message:\"ready\",secret:t},\"*\")},!1)))}(window,document);\n\/\/# sourceURL=https:\/\/www.monbailleur.fr\/offres-emploi\/wp-includes\/js\/wp-embed.min.js\n<\/script>\n","thumbnail_url":"https:\/\/www.monbailleur.fr\/offres-emploi\/wp-content\/uploads\/2023\/06\/mon_bailleur_emploi_placeholder.png","thumbnail_width":512,"thumbnail_height":512,"description":"L&rsquo;entreprise: Description: Rejoignez notre service Environnement de travail et contribuez \u00e0 cr\u00e9er des espaces et des services qui favorisent l\u2019engagement, le bien-\u00eatre des collaborateurs et la performance durable. Vous g\u00e9rez des projets vari\u00e9s autour de l\u2019environnement de travail, de la mobilit\u00e9, de la flotte automobile et de la QHSE, tout en participant \u00e0 l\u2019am\u00e9lioration continue"}

Assistant services généraux F/H

<blockquote class="wp-embedded-content" data-secret="GtMYqQ9Zq5"><a href="https://www.monbailleur.fr/offres-emploi/poste/assistant-services-generaux-f-h">Assistant services généraux F/H</a></blockquote><iframe sandbox="allow-scripts" security="restricted" src="https://www.monbailleur.fr/offres-emploi/poste/assistant-services-generaux-f-h/embed#?secret=GtMYqQ9Zq5" width="600" height="338" title="« Assistant services généraux F/H » &#8212; Monbailleur.fr - Emploi" data-secret="GtMYqQ9Zq5" frameborder="0" marginwidth="0" marginheight="0" scrolling="no" class="wp-embedded-content"></iframe><script>
/*! This file is auto-generated */
!function(d,l){"use strict";l.querySelector&&d.addEventListener&&"undefined"!=typeof URL&&(d.wp=d.wp||{},d.wp.receiveEmbedMessage||(d.wp.receiveEmbedMessage=function(e){var t=e.data;if((t||t.secret||t.message||t.value)&&!/[^a-zA-Z0-9]/.test(t.secret)){for(var s,r,n,a=l.querySelectorAll('iframe[data-secret="'+t.secret+'"]'),o=l.querySelectorAll('blockquote[data-secret="'+t.secret+'"]'),c=new RegExp("^https?:$","i"),i=0;i<o.length;i++)o[i].style.display="none";for(i=0;i<a.length;i++)s=a[i],e.source===s.contentWindow&&(s.removeAttribute("style"),"height"===t.message?(1e3<(r=parseInt(t.value,10))?r=1e3:~~r<200&&(r=200),s.height=r):"link"===t.message&&(r=new URL(s.getAttribute("src")),n=new URL(t.value),c.test(n.protocol))&&n.host===r.host&&l.activeElement===s&&(d.top.location.href=t.value))}},d.addEventListener("message",d.wp.receiveEmbedMessage,!1),l.addEventListener("DOMContentLoaded",function(){for(var e,t,s=l.querySelectorAll("iframe.wp-embedded-content"),r=0;r<s.length;r++)(t=(e=s[r]).getAttribute("data-secret"))||(t=Math.random().toString(36).substring(2,12),e.src+="#?secret="+t,e.setAttribute("data-secret",t)),e.contentWindow.postMessage({message:"ready",secret:t},"*")},!1)))}(window,document);
//# sourceURL=https://www.monbailleur.fr/offres-emploi/wp-includes/js/wp-embed.min.js
</script>

L&rsquo;entreprise: Description: Rejoignez notre service Environnement de travail et contribuez à créer des espaces et des services qui favorisent l’engagement, le bien-être des collaborateurs et la performance durable. Vous gérez des projets variés autour de l’environnement de travail, de la mobilité, de la flotte automobile et de la QHSE, tout en participant à l’amélioration continue
