{"version":"1.0","provider_name":"Monbailleur.fr - Emploi","provider_url":"https:\/\/www.monbailleur.fr\/offres-emploi","author_name":"Monbailleur.fr - Emploi","author_url":"https:\/\/www.monbailleur.fr\/offres-emploi","title":"Charg\u00e9 de gestion comptable F\/H","type":"rich","width":600,"height":338,"html":"<blockquote class=\"wp-embedded-content\" data-secret=\"rvkEyy4F4E\"><a href=\"https:\/\/www.monbailleur.fr\/offres-emploi\/poste\/charge-de-gestion-comptable-f-h\">Charg\u00e9 de gestion comptable F\/H<\/a><\/blockquote><iframe sandbox=\"allow-scripts\" security=\"restricted\" src=\"https:\/\/www.monbailleur.fr\/offres-emploi\/poste\/charge-de-gestion-comptable-f-h\/embed#?secret=rvkEyy4F4E\" width=\"600\" height=\"338\" title=\"\u00ab\u00a0Charg\u00e9 de gestion comptable F\/H\u00a0\u00bb &#8212; Monbailleur.fr - Emploi\" data-secret=\"rvkEyy4F4E\" frameborder=\"0\" marginwidth=\"0\" marginheight=\"0\" scrolling=\"no\" class=\"wp-embedded-content\"><\/iframe><script>\n\/*! This file is auto-generated *\/\n!function(d,l){\"use strict\";l.querySelector&&d.addEventListener&&\"undefined\"!=typeof URL&&(d.wp=d.wp||{},d.wp.receiveEmbedMessage||(d.wp.receiveEmbedMessage=function(e){var t=e.data;if((t||t.secret||t.message||t.value)&&!\/[^a-zA-Z0-9]\/.test(t.secret)){for(var s,r,n,a=l.querySelectorAll('iframe[data-secret=\"'+t.secret+'\"]'),o=l.querySelectorAll('blockquote[data-secret=\"'+t.secret+'\"]'),c=new RegExp(\"^https?:$\",\"i\"),i=0;i<o.length;i++)o[i].style.display=\"none\";for(i=0;i<a.length;i++)s=a[i],e.source===s.contentWindow&&(s.removeAttribute(\"style\"),\"height\"===t.message?(1e3<(r=parseInt(t.value,10))?r=1e3:~~r<200&&(r=200),s.height=r):\"link\"===t.message&&(r=new URL(s.getAttribute(\"src\")),n=new URL(t.value),c.test(n.protocol))&&n.host===r.host&&l.activeElement===s&&(d.top.location.href=t.value))}},d.addEventListener(\"message\",d.wp.receiveEmbedMessage,!1),l.addEventListener(\"DOMContentLoaded\",function(){for(var e,t,s=l.querySelectorAll(\"iframe.wp-embedded-content\"),r=0;r<s.length;r++)(t=(e=s[r]).getAttribute(\"data-secret\"))||(t=Math.random().toString(36).substring(2,12),e.src+=\"#?secret=\"+t,e.setAttribute(\"data-secret\",t)),e.contentWindow.postMessage({message:\"ready\",secret:t},\"*\")},!1)))}(window,document);\n\/\/# sourceURL=https:\/\/www.monbailleur.fr\/offres-emploi\/wp-includes\/js\/wp-embed.min.js\n<\/script>\n","thumbnail_url":"https:\/\/www.monbailleur.fr\/offres-emploi\/wp-content\/uploads\/2025\/12\/auvergne-habitat.png","thumbnail_width":200,"thumbnail_height":183,"description":"L&rsquo;entreprise: Description: Selon les directives du responsable de p\u00f4le et dans le respect des proc\u00e9dures \u00e9tablies,vous participez \u00e0 la mise en \u0153uvre de la gestion comptable des contrats de maintenance, de fourniture, de prestation composant les charges locatives ainsi qu\u2019au processus de r\u00e9gularisation de charges r\u00e9cup\u00e9rables aupr\u00e8s des locataires. Au titre de la gestion comptable"}

Chargé de gestion comptable F/H

<blockquote class="wp-embedded-content" data-secret="rvkEyy4F4E"><a href="https://www.monbailleur.fr/offres-emploi/poste/charge-de-gestion-comptable-f-h">Chargé de gestion comptable F/H</a></blockquote><iframe sandbox="allow-scripts" security="restricted" src="https://www.monbailleur.fr/offres-emploi/poste/charge-de-gestion-comptable-f-h/embed#?secret=rvkEyy4F4E" width="600" height="338" title="« Chargé de gestion comptable F/H » &#8212; Monbailleur.fr - Emploi" data-secret="rvkEyy4F4E" frameborder="0" marginwidth="0" marginheight="0" scrolling="no" class="wp-embedded-content"></iframe><script>
/*! This file is auto-generated */
!function(d,l){"use strict";l.querySelector&&d.addEventListener&&"undefined"!=typeof URL&&(d.wp=d.wp||{},d.wp.receiveEmbedMessage||(d.wp.receiveEmbedMessage=function(e){var t=e.data;if((t||t.secret||t.message||t.value)&&!/[^a-zA-Z0-9]/.test(t.secret)){for(var s,r,n,a=l.querySelectorAll('iframe[data-secret="'+t.secret+'"]'),o=l.querySelectorAll('blockquote[data-secret="'+t.secret+'"]'),c=new RegExp("^https?:$","i"),i=0;i<o.length;i++)o[i].style.display="none";for(i=0;i<a.length;i++)s=a[i],e.source===s.contentWindow&&(s.removeAttribute("style"),"height"===t.message?(1e3<(r=parseInt(t.value,10))?r=1e3:~~r<200&&(r=200),s.height=r):"link"===t.message&&(r=new URL(s.getAttribute("src")),n=new URL(t.value),c.test(n.protocol))&&n.host===r.host&&l.activeElement===s&&(d.top.location.href=t.value))}},d.addEventListener("message",d.wp.receiveEmbedMessage,!1),l.addEventListener("DOMContentLoaded",function(){for(var e,t,s=l.querySelectorAll("iframe.wp-embedded-content"),r=0;r<s.length;r++)(t=(e=s[r]).getAttribute("data-secret"))||(t=Math.random().toString(36).substring(2,12),e.src+="#?secret="+t,e.setAttribute("data-secret",t)),e.contentWindow.postMessage({message:"ready",secret:t},"*")},!1)))}(window,document);
//# sourceURL=https://www.monbailleur.fr/offres-emploi/wp-includes/js/wp-embed.min.js
</script>

L&rsquo;entreprise: Description: Selon les directives du responsable de pôle et dans le respect des procédures établies,vous participez à la mise en œuvre de la gestion comptable des contrats de maintenance, de fourniture, de prestation composant les charges locatives ainsi qu’au processus de régularisation de charges récupérables auprès des locataires. Au titre de la gestion comptable
