{"version":"1.0","provider_name":"Monbailleur.fr - Emploi","provider_url":"https:\/\/www.monbailleur.fr\/offres-emploi","author_name":"Monbailleur.fr - Emploi","author_url":"https:\/\/www.monbailleur.fr\/offres-emploi","title":"Charg\u00e9 de gestion locative H\/F","type":"rich","width":600,"height":338,"html":"<blockquote class=\"wp-embedded-content\" data-secret=\"kko2ce6KXP\"><a href=\"https:\/\/www.monbailleur.fr\/offres-emploi\/poste\/charge-de-gestion-locative-h-f-3\">Charg\u00e9 de gestion locative H\/F<\/a><\/blockquote><iframe sandbox=\"allow-scripts\" security=\"restricted\" src=\"https:\/\/www.monbailleur.fr\/offres-emploi\/poste\/charge-de-gestion-locative-h-f-3\/embed#?secret=kko2ce6KXP\" width=\"600\" height=\"338\" title=\"\u00ab\u00a0Charg\u00e9 de gestion locative H\/F\u00a0\u00bb &#8212; Monbailleur.fr - Emploi\" data-secret=\"kko2ce6KXP\" frameborder=\"0\" marginwidth=\"0\" marginheight=\"0\" scrolling=\"no\" class=\"wp-embedded-content\"><\/iframe><script type=\"text\/javascript\">\n\/* <![CDATA[ *\/\n\/*! This file is auto-generated *\/\n!function(d,l){\"use strict\";l.querySelector&&d.addEventListener&&\"undefined\"!=typeof URL&&(d.wp=d.wp||{},d.wp.receiveEmbedMessage||(d.wp.receiveEmbedMessage=function(e){var t=e.data;if((t||t.secret||t.message||t.value)&&!\/[^a-zA-Z0-9]\/.test(t.secret)){for(var s,r,n,a=l.querySelectorAll('iframe[data-secret=\"'+t.secret+'\"]'),o=l.querySelectorAll('blockquote[data-secret=\"'+t.secret+'\"]'),c=new RegExp(\"^https?:$\",\"i\"),i=0;i<o.length;i++)o[i].style.display=\"none\";for(i=0;i<a.length;i++)s=a[i],e.source===s.contentWindow&&(s.removeAttribute(\"style\"),\"height\"===t.message?(1e3<(r=parseInt(t.value,10))?r=1e3:~~r<200&&(r=200),s.height=r):\"link\"===t.message&&(r=new URL(s.getAttribute(\"src\")),n=new URL(t.value),c.test(n.protocol))&&n.host===r.host&&l.activeElement===s&&(d.top.location.href=t.value))}},d.addEventListener(\"message\",d.wp.receiveEmbedMessage,!1),l.addEventListener(\"DOMContentLoaded\",function(){for(var e,t,s=l.querySelectorAll(\"iframe.wp-embedded-content\"),r=0;r<s.length;r++)(t=(e=s[r]).getAttribute(\"data-secret\"))||(t=Math.random().toString(36).substring(2,12),e.src+=\"#?secret=\"+t,e.setAttribute(\"data-secret\",t)),e.contentWindow.postMessage({message:\"ready\",secret:t},\"*\")},!1)))}(window,document);\n\/\/# sourceURL=https:\/\/www.monbailleur.fr\/offres-emploi\/wp-includes\/js\/wp-embed.min.js\n\/* ]]> *\/\n<\/script>\n","thumbnail_url":"https:\/\/www.monbailleur.fr\/offres-emploi\/wp-content\/uploads\/2023\/06\/mon_bailleur_emploi_placeholder.png","thumbnail_width":512,"thumbnail_height":512,"description":"L&rsquo;entreprise: IDF Habitat, coop\u00e9rative Hlm engag\u00e9e pour un habitat abordable, durable et pour tous. Droit fondamental, nous voulons rendre le logement accessible \u00e0 tous. C\u2019est notre raison d\u2019\u00eatre, notre engagement et notre combat depuis plus de 70 ans. Nous \u0153uvrons ainsi au quotidien pour r\u00e9pondre aux d\u00e9fis soci\u00e9taux, sociaux et environnementaux actuels et \u00e0 venir."}

Chargé de gestion locative H/F

<blockquote class="wp-embedded-content" data-secret="kko2ce6KXP"><a href="https://www.monbailleur.fr/offres-emploi/poste/charge-de-gestion-locative-h-f-3">Chargé de gestion locative H/F</a></blockquote><iframe sandbox="allow-scripts" security="restricted" src="https://www.monbailleur.fr/offres-emploi/poste/charge-de-gestion-locative-h-f-3/embed#?secret=kko2ce6KXP" width="600" height="338" title="« Chargé de gestion locative H/F » &#8212; Monbailleur.fr - Emploi" data-secret="kko2ce6KXP" frameborder="0" marginwidth="0" marginheight="0" scrolling="no" class="wp-embedded-content"></iframe><script type="text/javascript">
/* <![CDATA[ */
/*! This file is auto-generated */
!function(d,l){"use strict";l.querySelector&&d.addEventListener&&"undefined"!=typeof URL&&(d.wp=d.wp||{},d.wp.receiveEmbedMessage||(d.wp.receiveEmbedMessage=function(e){var t=e.data;if((t||t.secret||t.message||t.value)&&!/[^a-zA-Z0-9]/.test(t.secret)){for(var s,r,n,a=l.querySelectorAll('iframe[data-secret="'+t.secret+'"]'),o=l.querySelectorAll('blockquote[data-secret="'+t.secret+'"]'),c=new RegExp("^https?:$","i"),i=0;i<o.length;i++)o[i].style.display="none";for(i=0;i<a.length;i++)s=a[i],e.source===s.contentWindow&&(s.removeAttribute("style"),"height"===t.message?(1e3<(r=parseInt(t.value,10))?r=1e3:~~r<200&&(r=200),s.height=r):"link"===t.message&&(r=new URL(s.getAttribute("src")),n=new URL(t.value),c.test(n.protocol))&&n.host===r.host&&l.activeElement===s&&(d.top.location.href=t.value))}},d.addEventListener("message",d.wp.receiveEmbedMessage,!1),l.addEventListener("DOMContentLoaded",function(){for(var e,t,s=l.querySelectorAll("iframe.wp-embedded-content"),r=0;r<s.length;r++)(t=(e=s[r]).getAttribute("data-secret"))||(t=Math.random().toString(36).substring(2,12),e.src+="#?secret="+t,e.setAttribute("data-secret",t)),e.contentWindow.postMessage({message:"ready",secret:t},"*")},!1)))}(window,document);
//# sourceURL=https://www.monbailleur.fr/offres-emploi/wp-includes/js/wp-embed.min.js
/* ]]> */
</script>

L&rsquo;entreprise: IDF Habitat, coopérative Hlm engagée pour un habitat abordable, durable et pour tous. Droit fondamental, nous voulons rendre le logement accessible à tous. C’est notre raison d’être, notre engagement et notre combat depuis plus de 70 ans. Nous œuvrons ainsi au quotidien pour répondre aux défis sociétaux, sociaux et environnementaux actuels et à venir.
