{"version":"1.0","provider_name":"Monbailleur.fr - Emploi","provider_url":"https:\/\/www.monbailleur.fr\/offres-emploi","author_name":"Monbailleur.fr - Emploi","author_url":"https:\/\/www.monbailleur.fr\/offres-emploi","title":"Responsable Contentieux et Social H\/F","type":"rich","width":600,"height":338,"html":"<blockquote class=\"wp-embedded-content\" data-secret=\"26OEfbmlQG\"><a href=\"https:\/\/www.monbailleur.fr\/offres-emploi\/poste\/responsable-contentieux-et-social-h-f\">Responsable Contentieux et Social H\/F<\/a><\/blockquote><iframe sandbox=\"allow-scripts\" security=\"restricted\" src=\"https:\/\/www.monbailleur.fr\/offres-emploi\/poste\/responsable-contentieux-et-social-h-f\/embed#?secret=26OEfbmlQG\" width=\"600\" height=\"338\" title=\"\u00ab\u00a0Responsable Contentieux et Social H\/F\u00a0\u00bb &#8212; Monbailleur.fr - Emploi\" data-secret=\"26OEfbmlQG\" frameborder=\"0\" marginwidth=\"0\" marginheight=\"0\" scrolling=\"no\" class=\"wp-embedded-content\"><\/iframe><script>\n\/*! This file is auto-generated *\/\n!function(d,l){\"use strict\";l.querySelector&&d.addEventListener&&\"undefined\"!=typeof URL&&(d.wp=d.wp||{},d.wp.receiveEmbedMessage||(d.wp.receiveEmbedMessage=function(e){var t=e.data;if((t||t.secret||t.message||t.value)&&!\/[^a-zA-Z0-9]\/.test(t.secret)){for(var s,r,n,a=l.querySelectorAll('iframe[data-secret=\"'+t.secret+'\"]'),o=l.querySelectorAll('blockquote[data-secret=\"'+t.secret+'\"]'),c=new RegExp(\"^https?:$\",\"i\"),i=0;i<o.length;i++)o[i].style.display=\"none\";for(i=0;i<a.length;i++)s=a[i],e.source===s.contentWindow&&(s.removeAttribute(\"style\"),\"height\"===t.message?(1e3<(r=parseInt(t.value,10))?r=1e3:~~r<200&&(r=200),s.height=r):\"link\"===t.message&&(r=new URL(s.getAttribute(\"src\")),n=new URL(t.value),c.test(n.protocol))&&n.host===r.host&&l.activeElement===s&&(d.top.location.href=t.value))}},d.addEventListener(\"message\",d.wp.receiveEmbedMessage,!1),l.addEventListener(\"DOMContentLoaded\",function(){for(var e,t,s=l.querySelectorAll(\"iframe.wp-embedded-content\"),r=0;r<s.length;r++)(t=(e=s[r]).getAttribute(\"data-secret\"))||(t=Math.random().toString(36).substring(2,12),e.src+=\"#?secret=\"+t,e.setAttribute(\"data-secret\",t)),e.contentWindow.postMessage({message:\"ready\",secret:t},\"*\")},!1)))}(window,document);\n\/\/# sourceURL=https:\/\/www.monbailleur.fr\/offres-emploi\/wp-includes\/js\/wp-embed.min.js\n<\/script>\n","thumbnail_url":"https:\/\/www.monbailleur.fr\/offres-emploi\/wp-content\/uploads\/2023\/06\/mon_bailleur_emploi_placeholder.png","thumbnail_width":512,"thumbnail_height":512,"description":"L&rsquo;entreprise: 1er bailleur social de la ville, l\u2019OPH d\u2019Aubervilliers g\u00e8re 8000 logements et emploie plus de 150 collaborateurs. Acteur engag\u00e9 du logement social, il veille \u00e0 fournir un accueil de qualit\u00e9 et un service public performant aux locataires, demandeurs et partenaires. Description: Rattach\u00e9(e) \u00e0 la Directrice de la Gestion Locative, le ou la titulaire du"}

L&rsquo;entreprise: 1er bailleur social de la ville, l’OPH d’Aubervilliers gère 8000 logements et emploie plus de 150 collaborateurs. Acteur engagé du logement social, il veille à fournir un accueil de qualité et un service public performant aux locataires, demandeurs et partenaires. Description: Rattaché(e) à la Directrice de la Gestion Locative, le ou la titulaire du
