{"id":39443,"date":"2026-08-28T08:01:07","date_gmt":"2026-08-28T06:01:07","guid":{"rendered":"https:\/\/www.monbailleur.fr\/offres-emploi\/poste\/ouvrier-espaces-verts-h-f"},"modified":"2026-08-28T08:01:07","modified_gmt":"2026-08-28T06:01:07","slug":"ouvrier-espaces-verts-h-f","status":"publish","type":"job_listing","link":"https:\/\/www.monbailleur.fr\/offres-emploi\/poste\/ouvrier-espaces-verts-h-f","title":{"rendered":"Ouvrier Espaces Verts H\/F"},"content":{"rendered":"<h2>L&rsquo;entreprise:<\/h2>\n<\/p>\n<p>Description de l&rsquo;entreprise:<\/p>\n<p>Fort d&rsquo;un patrimoine de pr\u00e8s de 64 000 Maisons et Cit\u00e9s mini\u00e8res, notre entreprise est le premier bailleur social de la r\u00e9gion des Hauts de France. Choisir d&rsquo;int\u00e9grer Maisons et Cit\u00e9s, c&rsquo;est rejoindre un groupe en pleine \u00e9volution disposant d&rsquo;une vision \u00e0 10 ans structur\u00e9e et port\u00e9e par l&rsquo;ensemble des 850 collaborateurs.<\/p>\n<h2>Description:<\/h2>\n<\/p>\n<p>Description de la mission:<\/p>\n<p>Vous \u00eates passionn\u00e9.e par les espaces verts et le patrimoine minier?<\/p>\n<p>Par ici, nous avons l&rsquo;offre qu&rsquo;il vous faut !<\/p>\n<p>J\u00e9r\u00f4me, Responsable Maisons et Cit\u00e9s Services, est \u00e0 la recherche de ses futurs Ouvriers.\u00e8res Espaces Verts H\/F en CDD pour rejoindre notre \u00e9quipe \u00e0 Ruitz.<\/p>\n<p>Votre quotidien sera le suivant :<br \/>&#8211; Entretenir les espaces verts : tonte, taille, d\u00e9broussaillage, d\u00e9sherbage&#8230;<br \/>&#8211; Participer \u00e0 l&rsquo;entretien du mat\u00e9riel pour garantir son bon fonctionnement<\/p>\n<p>Nous rejoindre c&rsquo;est :<br \/>&#8211; Valoriser votre savoir-faire au sein d&rsquo;un patrimoine historique<br \/>&#8211; D\u00e9velopper vos comp\u00e9tences au sein d&rsquo;une \u00e9quipe engag\u00e9e !<\/p>\n<\/p>\n<h2>Profil:<\/h2>\n<\/p>\n<p>Profil:<\/p>\n<p>Si vous vous reconnaissez dans l&rsquo;esprit d&rsquo;\u00e9quipe, l&rsquo;autonomie, la rigueur et la pr\u00e9cision, alors vous \u00eates la personne que nous recherchons !<\/p>\n<p>Vous poss\u00e9dez le permis B et id\u00e9alement le permis E.<br \/>Vous savez utiliser les outils et engins de jardinage (tondeuse, d\u00e9broussailleuse, taille-haie&#8230;)<\/p>\n<p>Rejoignez-nous et contribuez \u00e0 la beaut\u00e9 de notre bassin minier !<\/p>\n<\/p>\n<h3>Temps de travail<\/h3>\n<p>Temps plein <\/p>\n<h3> Organisme <\/h3>\n<p> <span id=\"ctl00_ctl00_AspMainContent_MainContent_MasterPageSettingsView_ctl03_ctl01_fldEntityDescriptionFormat_lblContentText\"><span id=\"ctl00_MainContent_DescriptionEntityEdit_SubForm1_ctl01_Field1_ctl00_lblEntityFormat\">MAISONS ET CIT\u00c9S <\/span><br \/><\/span><\/p>\n","protected":false},"author":0,"featured_media":30169,"template":"","meta":{"_promoted":"","_job_location":"France, Hauts-de-France, Pas de Calais (62) RUITZ","_application":"https:\/\/les-hlm-recrutent.talent-soft.com\/offre-de-emploi\/emploi-ouvrier-espaces-verts-h-f_70528.aspx?utm_source=monbailleur.fr","_company_name":"MAISONS ET CIT\u00c9S","_company_website":"","_company_tagline":"","_company_twitter":"","_company_video":"","_filled":0,"_featured":0,"_remote_position":0,"_job_salary":"","_job_salary_currency":"","_job_salary_unit":""},"job-categories":[78],"job-types":[52],"class_list":["post-39443","job_listing","type-job_listing","status-publish","has-post-thumbnail","hentry","job_listing_category-autres","job_listing_type-cdd","job-type-cdd"],"yoast_head":"<!-- This site is optimized with the Yoast SEO Premium plugin v22.4 (Yoast SEO v25.1) - https:\/\/yoast.com\/wordpress\/plugins\/seo\/ -->\n<title>Ouvrier Espaces Verts H\/F - Monbailleur.fr - Emploi<\/title>\n<meta name=\"robots\" content=\"noindex, follow\" \/>\n<meta property=\"og:locale\" content=\"fr_FR\" \/>\n<meta property=\"og:type\" content=\"article\" \/>\n<meta property=\"og:title\" content=\"Ouvrier Espaces Verts H\/F\" \/>\n<meta property=\"og:description\" content=\"L&rsquo;entreprise: Description de l&rsquo;entreprise: Fort d&rsquo;un patrimoine de pr\u00e8s de 64 000 Maisons et Cit\u00e9s mini\u00e8res, notre entreprise est le premier bailleur social de la r\u00e9gion des Hauts de France. Choisir d&rsquo;int\u00e9grer Maisons et Cit\u00e9s, c&rsquo;est rejoindre un groupe en pleine \u00e9volution disposant d&rsquo;une vision \u00e0 10 ans structur\u00e9e et port\u00e9e par l&rsquo;ensemble des 850\" \/>\n<meta property=\"og:url\" content=\"https:\/\/www.monbailleur.fr\/offres-emploi\/poste\/ouvrier-espaces-verts-h-f\" \/>\n<meta property=\"og:site_name\" content=\"Monbailleur.fr - Emploi\" \/>\n<meta property=\"og:image\" content=\"https:\/\/www.monbailleur.fr\/offres-emploi\/wp-content\/uploads\/2025\/09\/maisons-et-cites.png\" \/>\n\t<meta property=\"og:image:width\" content=\"200\" \/>\n\t<meta property=\"og:image:height\" content=\"87\" \/>\n\t<meta property=\"og:image:type\" content=\"image\/png\" \/>\n<meta name=\"twitter:card\" content=\"summary_large_image\" \/>\n<meta name=\"twitter:label1\" content=\"Dur\u00e9e de lecture estim\u00e9e\" \/>\n\t<meta name=\"twitter:data1\" content=\"1 minute\" \/>\n<script type=\"application\/ld+json\" class=\"yoast-schema-graph\">{\"@context\":\"https:\/\/schema.org\",\"@graph\":[{\"@type\":\"WebPage\",\"@id\":\"https:\/\/www.monbailleur.fr\/offres-emploi\/poste\/ouvrier-espaces-verts-h-f\",\"url\":\"https:\/\/www.monbailleur.fr\/offres-emploi\/poste\/ouvrier-espaces-verts-h-f\",\"name\":\"Ouvrier Espaces Verts H\/F - Monbailleur.fr - Emploi\",\"isPartOf\":{\"@id\":\"https:\/\/www.monbailleur.fr\/offres-emploi\/#website\"},\"primaryImageOfPage\":{\"@id\":\"https:\/\/www.monbailleur.fr\/offres-emploi\/poste\/ouvrier-espaces-verts-h-f#primaryimage\"},\"image\":{\"@id\":\"https:\/\/www.monbailleur.fr\/offres-emploi\/poste\/ouvrier-espaces-verts-h-f#primaryimage\"},\"thumbnailUrl\":\"https:\/\/www.monbailleur.fr\/offres-emploi\/wp-content\/uploads\/2025\/09\/maisons-et-cites.png\",\"datePublished\":\"2026-08-28T06:01:07+00:00\",\"breadcrumb\":{\"@id\":\"https:\/\/www.monbailleur.fr\/offres-emploi\/poste\/ouvrier-espaces-verts-h-f#breadcrumb\"},\"inLanguage\":\"fr-FR\",\"potentialAction\":[{\"@type\":\"ReadAction\",\"target\":[\"https:\/\/www.monbailleur.fr\/offres-emploi\/poste\/ouvrier-espaces-verts-h-f\"]}]},{\"@type\":\"ImageObject\",\"inLanguage\":\"fr-FR\",\"@id\":\"https:\/\/www.monbailleur.fr\/offres-emploi\/poste\/ouvrier-espaces-verts-h-f#primaryimage\",\"url\":\"https:\/\/www.monbailleur.fr\/offres-emploi\/wp-content\/uploads\/2025\/09\/maisons-et-cites.png\",\"contentUrl\":\"https:\/\/www.monbailleur.fr\/offres-emploi\/wp-content\/uploads\/2025\/09\/maisons-et-cites.png\",\"width\":200,\"height\":87},{\"@type\":\"BreadcrumbList\",\"@id\":\"https:\/\/www.monbailleur.fr\/offres-emploi\/poste\/ouvrier-espaces-verts-h-f#breadcrumb\",\"itemListElement\":[{\"@type\":\"ListItem\",\"position\":1,\"name\":\"Accueil\",\"item\":\"https:\/\/www.monbailleur.fr\/offres-emploi\/\"},{\"@type\":\"ListItem\",\"position\":2,\"name\":\"offres d\u2019emploi\",\"item\":\"https:\/\/www.monbailleur.fr\/offres-emploi\/job-listings\"},{\"@type\":\"ListItem\",\"position\":3,\"name\":\"Ouvrier Espaces Verts H\/F\"}]},{\"@type\":\"WebSite\",\"@id\":\"https:\/\/www.monbailleur.fr\/offres-emploi\/#website\",\"url\":\"https:\/\/www.monbailleur.fr\/offres-emploi\/\",\"name\":\"Monbailleur.fr - Emploi\",\"description\":\"Les offres d&#039;emploi du logement social\",\"publisher\":{\"@id\":\"https:\/\/www.monbailleur.fr\/offres-emploi\/#organization\"},\"potentialAction\":[{\"@type\":\"SearchAction\",\"target\":{\"@type\":\"EntryPoint\",\"urlTemplate\":\"https:\/\/www.monbailleur.fr\/offres-emploi\/?s={search_term_string}\"},\"query-input\":{\"@type\":\"PropertyValueSpecification\",\"valueRequired\":true,\"valueName\":\"search_term_string\"}}],\"inLanguage\":\"fr-FR\"},{\"@type\":\"Organization\",\"@id\":\"https:\/\/www.monbailleur.fr\/offres-emploi\/#organization\",\"name\":\"Monbailleur.fr - Emploi\",\"url\":\"https:\/\/www.monbailleur.fr\/offres-emploi\/\",\"logo\":{\"@type\":\"ImageObject\",\"inLanguage\":\"fr-FR\",\"@id\":\"https:\/\/www.monbailleur.fr\/offres-emploi\/#\/schema\/logo\/image\/\",\"url\":\"https:\/\/www.monbailleur.fr\/offres-emploi\/wp-content\/uploads\/2023\/06\/MonBailleur-1200x675-1.png\",\"contentUrl\":\"https:\/\/www.monbailleur.fr\/offres-emploi\/wp-content\/uploads\/2023\/06\/MonBailleur-1200x675-1.png\",\"width\":1200,\"height\":675,\"caption\":\"Monbailleur.fr - Emploi\"},\"image\":{\"@id\":\"https:\/\/www.monbailleur.fr\/offres-emploi\/#\/schema\/logo\/image\/\"}}]}<\/script>\n<!-- \/ Yoast SEO Premium plugin. -->","yoast_head_json":{"title":"Ouvrier Espaces Verts H\/F - Monbailleur.fr - Emploi","robots":{"index":"noindex","follow":"follow"},"og_locale":"fr_FR","og_type":"article","og_title":"Ouvrier Espaces Verts H\/F","og_description":"L&rsquo;entreprise: Description de l&rsquo;entreprise: Fort d&rsquo;un patrimoine de pr\u00e8s de 64 000 Maisons et Cit\u00e9s mini\u00e8res, notre entreprise est le premier bailleur social de la r\u00e9gion des Hauts de France. Choisir d&rsquo;int\u00e9grer Maisons et Cit\u00e9s, c&rsquo;est rejoindre un groupe en pleine \u00e9volution disposant d&rsquo;une vision \u00e0 10 ans structur\u00e9e et port\u00e9e par l&rsquo;ensemble des 850","og_url":"https:\/\/www.monbailleur.fr\/offres-emploi\/poste\/ouvrier-espaces-verts-h-f","og_site_name":"Monbailleur.fr - Emploi","og_image":[{"width":200,"height":87,"url":"https:\/\/www.monbailleur.fr\/offres-emploi\/wp-content\/uploads\/2025\/09\/maisons-et-cites.png","type":"image\/png"}],"twitter_card":"summary_large_image","twitter_misc":{"Dur\u00e9e de lecture estim\u00e9e":"1 minute"},"schema":{"@context":"https:\/\/schema.org","@graph":[{"@type":"WebPage","@id":"https:\/\/www.monbailleur.fr\/offres-emploi\/poste\/ouvrier-espaces-verts-h-f","url":"https:\/\/www.monbailleur.fr\/offres-emploi\/poste\/ouvrier-espaces-verts-h-f","name":"Ouvrier Espaces Verts H\/F - Monbailleur.fr - Emploi","isPartOf":{"@id":"https:\/\/www.monbailleur.fr\/offres-emploi\/#website"},"primaryImageOfPage":{"@id":"https:\/\/www.monbailleur.fr\/offres-emploi\/poste\/ouvrier-espaces-verts-h-f#primaryimage"},"image":{"@id":"https:\/\/www.monbailleur.fr\/offres-emploi\/poste\/ouvrier-espaces-verts-h-f#primaryimage"},"thumbnailUrl":"https:\/\/www.monbailleur.fr\/offres-emploi\/wp-content\/uploads\/2025\/09\/maisons-et-cites.png","datePublished":"2026-08-28T06:01:07+00:00","breadcrumb":{"@id":"https:\/\/www.monbailleur.fr\/offres-emploi\/poste\/ouvrier-espaces-verts-h-f#breadcrumb"},"inLanguage":"fr-FR","potentialAction":[{"@type":"ReadAction","target":["https:\/\/www.monbailleur.fr\/offres-emploi\/poste\/ouvrier-espaces-verts-h-f"]}]},{"@type":"ImageObject","inLanguage":"fr-FR","@id":"https:\/\/www.monbailleur.fr\/offres-emploi\/poste\/ouvrier-espaces-verts-h-f#primaryimage","url":"https:\/\/www.monbailleur.fr\/offres-emploi\/wp-content\/uploads\/2025\/09\/maisons-et-cites.png","contentUrl":"https:\/\/www.monbailleur.fr\/offres-emploi\/wp-content\/uploads\/2025\/09\/maisons-et-cites.png","width":200,"height":87},{"@type":"BreadcrumbList","@id":"https:\/\/www.monbailleur.fr\/offres-emploi\/poste\/ouvrier-espaces-verts-h-f#breadcrumb","itemListElement":[{"@type":"ListItem","position":1,"name":"Accueil","item":"https:\/\/www.monbailleur.fr\/offres-emploi\/"},{"@type":"ListItem","position":2,"name":"offres d\u2019emploi","item":"https:\/\/www.monbailleur.fr\/offres-emploi\/job-listings"},{"@type":"ListItem","position":3,"name":"Ouvrier Espaces Verts H\/F"}]},{"@type":"WebSite","@id":"https:\/\/www.monbailleur.fr\/offres-emploi\/#website","url":"https:\/\/www.monbailleur.fr\/offres-emploi\/","name":"Monbailleur.fr - Emploi","description":"Les offres d&#039;emploi du logement social","publisher":{"@id":"https:\/\/www.monbailleur.fr\/offres-emploi\/#organization"},"potentialAction":[{"@type":"SearchAction","target":{"@type":"EntryPoint","urlTemplate":"https:\/\/www.monbailleur.fr\/offres-emploi\/?s={search_term_string}"},"query-input":{"@type":"PropertyValueSpecification","valueRequired":true,"valueName":"search_term_string"}}],"inLanguage":"fr-FR"},{"@type":"Organization","@id":"https:\/\/www.monbailleur.fr\/offres-emploi\/#organization","name":"Monbailleur.fr - Emploi","url":"https:\/\/www.monbailleur.fr\/offres-emploi\/","logo":{"@type":"ImageObject","inLanguage":"fr-FR","@id":"https:\/\/www.monbailleur.fr\/offres-emploi\/#\/schema\/logo\/image\/","url":"https:\/\/www.monbailleur.fr\/offres-emploi\/wp-content\/uploads\/2023\/06\/MonBailleur-1200x675-1.png","contentUrl":"https:\/\/www.monbailleur.fr\/offres-emploi\/wp-content\/uploads\/2023\/06\/MonBailleur-1200x675-1.png","width":1200,"height":675,"caption":"Monbailleur.fr - Emploi"},"image":{"@id":"https:\/\/www.monbailleur.fr\/offres-emploi\/#\/schema\/logo\/image\/"}}]}},"_links":{"self":[{"href":"https:\/\/www.monbailleur.fr\/offres-emploi\/wp-json\/wp\/v2\/job-listings\/39443","targetHints":{"allow":["GET"]}}],"collection":[{"href":"https:\/\/www.monbailleur.fr\/offres-emploi\/wp-json\/wp\/v2\/job-listings"}],"about":[{"href":"https:\/\/www.monbailleur.fr\/offres-emploi\/wp-json\/wp\/v2\/types\/job_listing"}],"wp:featuredmedia":[{"embeddable":true,"href":"https:\/\/www.monbailleur.fr\/offres-emploi\/wp-json\/wp\/v2\/media\/30169"}],"wp:attachment":[{"href":"https:\/\/www.monbailleur.fr\/offres-emploi\/wp-json\/wp\/v2\/media?parent=39443"}],"wp:term":[{"taxonomy":"job_listing_category","embeddable":true,"href":"https:\/\/www.monbailleur.fr\/offres-emploi\/wp-json\/wp\/v2\/job-categories?post=39443"},{"taxonomy":"job_listing_type","embeddable":true,"href":"https:\/\/www.monbailleur.fr\/offres-emploi\/wp-json\/wp\/v2\/job-types?post=39443"}],"curies":[{"name":"wp","href":"https:\/\/api.w.org\/{rel}","templated":true}]}}

<h2>L&rsquo;entreprise:</h2>
</p>
<p>Description de l&rsquo;entreprise:</p>
<p>Fort d&rsquo;un patrimoine de près de 64 000 Maisons et Cités minières, notre entreprise est le premier bailleur social de la région des Hauts de France. Choisir d&rsquo;intégrer Maisons et Cités, c&rsquo;est rejoindre un groupe en pleine évolution disposant d&rsquo;une vision à 10 ans structurée et portée par l&rsquo;ensemble des 850 collaborateurs.</p>
<h2>Description:</h2>
</p>
<p>Description de la mission:</p>
<p>Vous êtes passionné.e par les espaces verts et le patrimoine minier?</p>
<p>Par ici, nous avons l&rsquo;offre qu&rsquo;il vous faut !</p>
<p>Jérôme, Responsable Maisons et Cités Services, est à la recherche de ses futurs Ouvriers.ères Espaces Verts H/F en CDD pour rejoindre notre équipe à Ruitz.</p>
<p>Votre quotidien sera le suivant :<br />&#8211; Entretenir les espaces verts : tonte, taille, débroussaillage, désherbage&#8230;<br />&#8211; Participer à l&rsquo;entretien du matériel pour garantir son bon fonctionnement</p>
<p>Nous rejoindre c&rsquo;est :<br />&#8211; Valoriser votre savoir-faire au sein d&rsquo;un patrimoine historique<br />&#8211; Développer vos compétences au sein d&rsquo;une équipe engagée !</p>
</p>
<h2>Profil:</h2>
</p>
<p>Profil:</p>
<p>Si vous vous reconnaissez dans l&rsquo;esprit d&rsquo;équipe, l&rsquo;autonomie, la rigueur et la précision, alors vous êtes la personne que nous recherchons !</p>
<p>Vous possédez le permis B et idéalement le permis E.<br />Vous savez utiliser les outils et engins de jardinage (tondeuse, débroussailleuse, taille-haie&#8230;)</p>
<p>Rejoignez-nous et contribuez à la beauté de notre bassin minier !</p>
</p>
<h3>Temps de travail</h3>
<p>Temps plein </p>
<h3> Organisme </h3>
<p> <span id="ctl00_ctl00_AspMainContent_MainContent_MasterPageSettingsView_ctl03_ctl01_fldEntityDescriptionFormat_lblContentText"><span id="ctl00_MainContent_DescriptionEntityEdit_SubForm1_ctl01_Field1_ctl00_lblEntityFormat">MAISONS ET CITÉS </span><br /></span></p>

MAISONS ET CITÉS

<!-- This site is optimized with the Yoast SEO Premium plugin v22.4 (Yoast SEO v25.1) - https://yoast.com/wordpress/plugins/seo/ -->
<title>Ouvrier Espaces Verts H/F - Monbailleur.fr - Emploi</title>
<meta name="robots" content="noindex, follow" />
<meta property="og:locale" content="fr_FR" />
<meta property="og:type" content="article" />
<meta property="og:title" content="Ouvrier Espaces Verts H/F" />
<meta property="og:description" content="L&rsquo;entreprise: Description de l&rsquo;entreprise: Fort d&rsquo;un patrimoine de près de 64 000 Maisons et Cités minières, notre entreprise est le premier bailleur social de la région des Hauts de France. Choisir d&rsquo;intégrer Maisons et Cités, c&rsquo;est rejoindre un groupe en pleine évolution disposant d&rsquo;une vision à 10 ans structurée et portée par l&rsquo;ensemble des 850" />
<meta property="og:url" content="https://www.monbailleur.fr/offres-emploi/poste/ouvrier-espaces-verts-h-f" />
<meta property="og:site_name" content="Monbailleur.fr - Emploi" />
<meta property="og:image" content="https://www.monbailleur.fr/offres-emploi/wp-content/uploads/2025/09/maisons-et-cites.png" />
	<meta property="og:image:width" content="200" />
	<meta property="og:image:height" content="87" />
	<meta property="og:image:type" content="image/png" />
<meta name="twitter:card" content="summary_large_image" />
<meta name="twitter:label1" content="Durée de lecture estimée" />
	<meta name="twitter:data1" content="1 minute" />
<script type="application/ld+json" class="yoast-schema-graph">{"@context":"https://schema.org","@graph":[{"@type":"WebPage","@id":"https://www.monbailleur.fr/offres-emploi/poste/ouvrier-espaces-verts-h-f","url":"https://www.monbailleur.fr/offres-emploi/poste/ouvrier-espaces-verts-h-f","name":"Ouvrier Espaces Verts H/F - Monbailleur.fr - Emploi","isPartOf":{"@id":"https://www.monbailleur.fr/offres-emploi/#website"},"primaryImageOfPage":{"@id":"https://www.monbailleur.fr/offres-emploi/poste/ouvrier-espaces-verts-h-f#primaryimage"},"image":{"@id":"https://www.monbailleur.fr/offres-emploi/poste/ouvrier-espaces-verts-h-f#primaryimage"},"thumbnailUrl":"https://www.monbailleur.fr/offres-emploi/wp-content/uploads/2025/09/maisons-et-cites.png","datePublished":"2026-08-28T06:01:07+00:00","breadcrumb":{"@id":"https://www.monbailleur.fr/offres-emploi/poste/ouvrier-espaces-verts-h-f#breadcrumb"},"inLanguage":"fr-FR","potentialAction":[{"@type":"ReadAction","target":["https://www.monbailleur.fr/offres-emploi/poste/ouvrier-espaces-verts-h-f"]}]},{"@type":"ImageObject","inLanguage":"fr-FR","@id":"https://www.monbailleur.fr/offres-emploi/poste/ouvrier-espaces-verts-h-f#primaryimage","url":"https://www.monbailleur.fr/offres-emploi/wp-content/uploads/2025/09/maisons-et-cites.png","contentUrl":"https://www.monbailleur.fr/offres-emploi/wp-content/uploads/2025/09/maisons-et-cites.png","width":200,"height":87},{"@type":"BreadcrumbList","@id":"https://www.monbailleur.fr/offres-emploi/poste/ouvrier-espaces-verts-h-f#breadcrumb","itemListElement":[{"@type":"ListItem","position":1,"name":"Accueil","item":"https://www.monbailleur.fr/offres-emploi/"},{"@type":"ListItem","position":2,"name":"offres d’emploi","item":"https://www.monbailleur.fr/offres-emploi/job-listings"},{"@type":"ListItem","position":3,"name":"Ouvrier Espaces Verts H/F"}]},{"@type":"WebSite","@id":"https://www.monbailleur.fr/offres-emploi/#website","url":"https://www.monbailleur.fr/offres-emploi/","name":"Monbailleur.fr - Emploi","description":"Les offres d&#039;emploi du logement social","publisher":{"@id":"https://www.monbailleur.fr/offres-emploi/#organization"},"potentialAction":[{"@type":"SearchAction","target":{"@type":"EntryPoint","urlTemplate":"https://www.monbailleur.fr/offres-emploi/?s={search_term_string}"},"query-input":{"@type":"PropertyValueSpecification","valueRequired":true,"valueName":"search_term_string"}}],"inLanguage":"fr-FR"},{"@type":"Organization","@id":"https://www.monbailleur.fr/offres-emploi/#organization","name":"Monbailleur.fr - Emploi","url":"https://www.monbailleur.fr/offres-emploi/","logo":{"@type":"ImageObject","inLanguage":"fr-FR","@id":"https://www.monbailleur.fr/offres-emploi/#/schema/logo/image/","url":"https://www.monbailleur.fr/offres-emploi/wp-content/uploads/2023/06/MonBailleur-1200x675-1.png","contentUrl":"https://www.monbailleur.fr/offres-emploi/wp-content/uploads/2023/06/MonBailleur-1200x675-1.png","width":1200,"height":675,"caption":"Monbailleur.fr - Emploi"},"image":{"@id":"https://www.monbailleur.fr/offres-emploi/#/schema/logo/image/"}}]}</script>
<!-- / Yoast SEO Premium plugin. -->

L&rsquo;entreprise: Description de l&rsquo;entreprise: Fort d&rsquo;un patrimoine de près de 64 000 Maisons et Cités minières, notre entreprise est le premier bailleur social de la région des Hauts de France. Choisir d&rsquo;intégrer Maisons et Cités, c&rsquo;est rejoindre un groupe en pleine évolution disposant d&rsquo;une vision à 10 ans structurée et portée par l&rsquo;ensemble des 850
